divided by 77?
46
What is the remainder when 11484310 is divided by 2296860?
10
Calculate the remainder when 6105148 is divided by 212.
184
Calculate the remainder when 345760 is divided by 345613.
147
Calculate the remainder when 523141 is divided by 26153.
81
Calculate the remainder when 7183044 is divided by 246.
90
Calculate the remainder when 2577125 is divided by 368141.
138
Calculate the remainder when 3402081 is divided by 1671.
1596
What is the remainder when 5974560 is divided by 18?
0
What is the remainder when 2558288 is divided by 106590?
128
What is the remainder when 48841679 is divided by 19798?
13
Calculate the remainder when 55705101 is divided by 48.
45
What is the remainder when 3765473 is divided by 43773?
995
What is the remainder when 9215251 is divided by 2234?
1
Calculate the remainder when 734754 is divided by 4592.
34
What is the remainder when 127752 is divided by 512?
264
What is the remainder when 3302156 is divided by 362?
354
Calculate the remainder when 21136669 is divided by 1345.
1339
Calculate the remainder when 4761175 is divided by 148.
15
Calculate the remainder when 559156 is divided by 867.
808
Calculate the remainder when 7481033 is divided by 83.
77
Calculate the remainder when 18294 is divided by 3652.
34
Calculate the remainder when 9274803 is divided by 1416.
3
Calculate the remainder when 25097 is divided by 183.
26
What is the remainder when 7375103 is divided by 2134?
2133
What is the remainder when 3073507 is divided by 1536399?
709
Calculate the remainder when 177478 is divided by 44362.
30
Calculate the remainder when 442521 is divided by 188.
157
Calculate the remainder when 497441 is divided by 35529.
35
Calculate the remainder when 627613 is divided by 2342.
2299
Calculate the remainder when 5315012 is divided by 1861.
1857
Calculate the remainder when 34125771 is divided by 1192.
3
Calculate the remainder when 5132395 is divided by 1283098.
3
Calculate the remainder when 15639 is divided by 894.
441
What is the remainder when 1938037 is divided by 168?
157
Calculate the remainder when 180652 is divided by 179092.
1560
What is the remainder when 15626 is divided by 7757?
112
What is the remainder when 109656 is divided by 198?
162
Calculate the remainder when 7932040 is divided by 569.
180
Calculate the remainder when 5915246 is divided by 2957418.
410
Calculate the remainder when 542261 is divided by 2368.
2357
What is the remainder when 8234277 is divided by 2570?
2567
What is the remainder when 223768 is divided by 5293?
1462
Calculate the remainder when 551634026 is divided by 1089.
1076
What is the remainder when 1503180 is divided by 27330?
30
Calculate the remainder when 66385003 is divided by 124.
115
Calculate the remainder when 209518565 is divided by 7.
4
Calculate the remainder when 5522674 is divided by 573.
100
Calculate the remainder when 202224 is divided by 40435.
49
Calculate the remainder when 282974 is divided by 10.
4
What is the remainder when 2311991 is divided by 5257?
4168
What is the remainder when 222219 is divided by 1346?
129
Calculate the remainder when 718822 is divided by 718789.
33
What is the remainder when 5398710 is divided by 134963?
190
What is the remainder when 157093258 is divided by 661?
659
Calculate the remainder when 856804930 is divided by 285601643.
1
Calculate the remainder when 109433 is divided by 9948.
5
What is the remainder when 56659 is divided by 2663?
736
What is the remainder when 86291 is divided by 21521?
207
Calculate the remainder when 4664 is divided by 218.
86
What is the remainder when 43045179 is divided by 1544?
3
Calculate the remainder when 1136759 is divided by 63147.
113
Calculate the remainder when 8721766 is divided by 34.
18
Calculate the remainder when 147543268 is divided by 9183.
7
Calculate the remainder when 168080 is divided by 5602.
20
What is the remainder when 87255 is divided by 150?
105
What is the remainder when 735806 is divided by 4657?
0
Calculate the remainder when 4775085 is divided by 125658.
81
Calculate the remainder when 46810580 is divided by 5249.
5247
What is the remainder when 178216 is divided by 29654?
292
Calculate the remainder when 1149823 is divided by 229960.
23
What is the remainder when 6919079 is divided by 56?
55
Calculate the remainder when 139869 is divided by 46497.
378
Calculate the remainder when 275571 is divided by 153.
18
What is the remainder when 4462166 is divided by 1330?
16
Calculate the remainder when 1119056 is divided by 79924.
120
What is the remainder when 10818770 is divided by 15910?
15880
What is the remainder when 269414 is divided by 269271?
143
Calculate the remainder when 8463177 is divided by 23975.
2
What is the remainder when 888698 is divided by 3174?
3152
What is the remainder when 217068 is divided by 2309?
22
What is the remainder when 18684826 is divided by 533852?
6
Calculate the remainder when 3357752 is divided by 6558.
56
Calculate the remainder when 703157 is divided by 773.
500
What is the remainder when 537477883 is divided by 1603?
1601
What is the remainder when 18620573 is divided by 148?
101
What is the remainder when 3098302 is divided by 1132?
18
Calculate the remainder when 48334521 is divided by 170.
121
Calculate the remainder when 2457877 is divided by 136543.
103
Calculate the remainder when 454821679 is divided by 73.
70
Calculate the remainder when 249724 is divided by 1581.
1507
Calculate the remainder when 17847891 is divided by 10.
1
Calculate the remainder when 1181497 is divided by 695.
692
What is the remainder when 552780 is divided by 2879?
12
What is the remainder when 147775 is divided by 6?
1
What is the remainder when 476149652 is divided by 158716550?
2
What is the remainder when 1158423644 is divided by 3855?
3854
What is the remainder when 1125195 is divided by 194?
189
Calculate the remainder when 217460 is divided by 16684.
568
Calculate the remainder when 25284 is divided by 62.
50
What is the remainder when 67453 is divided by 859?
451
What is the remainder when 193046709 is divided by 66?
9
What is the remainder when 6391857 is divided by 30?
27
What is the remainder when 143764435 is divided by 726083?
1
What is the remainder when 633201 is divided by 516?
69
Calculate the remainder when 15870479 is divided by 33482.
11
What is the remainder when 993540 is divided by 27598?
12
What is the remainder when 53225964 is divided by 1330649?
4
What is the remainder when 439013 is divided by 3157?
190
Calculate the remainder when 173454 is divided by 1970.
94
What is the remainder when 33245 is divided by 147?
23
What is the remainder when 7976558 is divided by 794?
34
Calculate the remainder when 338692 is divided by 67730.
42
Calculate the remainder when 511678 is divided by 5329.
94
What is the remainder when 332385 is divided by 724?
69
Calculate the remainder when 3112574 is divided by 3112454.
120
Calculate the remainder when 176268503 is divided by 1091.
1088
What is the remainder when 1268982 is divided by 8084?
7878
Calculate the remainder when 179866 is divided by 803.
797
What is the remainder when 141392 is divided by 9320?
1592
What is the remainder when 605046193 is divided by 585?
583
Calculate the remainder when 38301991 is divided by 205.
201
What is the remainder when 2196584 is divided by 2499?
2462
Calculate the remainder when 84055 is divided by 42018.
19
Calculate the remainder when 6489091 is divided by 196639.
4
Calculate the remainder when 15996526 is divided by 16.
14
What is the remainder when 1729125 is divided by 162?
99
What is the remainder when 884690 is divided by 221095?
310
What is the remainder when 33096090 is divided by 3545?
3515
Calculate the remainder when 35434004 is divided by 7.
4
What is the remainder when 7016248 is divided by 3750?
3748
What is the remainder when 57020 is divided by 1605?
845
Calculate the remainder when 541060 is divided by 180226.
382
What is the remainder when 6377344 is divided by 1639?
1634
What is the remainder when 1269559 is divided by 105?
4
Calculate the remainder when 252754 is divided by 252693.
61
What is the remainder when 120254388 is divided by 8993?
8985
Calculate the remainder when 2430454 is divided by 1215009.
436
Calculate the re